) to base 14.
0
Convert 20 (base 15) to base 2.
11110
What is -2 (base 14) in base 16?
-2
Convert 51 (base 6) to base 9.
34
Convert 8 (base 9) to base 6.
12
Convert -5 (base 14) to base 4.
-11
12 (base 16) to base 6
30
Convert 29 (base 10) to base 2.
11101
What is -304 (base 8) in base 12?
-144
-4a (base 16) to base 9
-82
Convert -12 (base 10) to base 3.
-110
-1a (base 11) to base 4
-111
Convert 1111011 (base 2) to base 15.
83
What is -2 (base 16) in base 6?
-2
-12112 (base 3) to base 2
-10010101
0 (base 8) to base 2
0
Convert -1012 (base 3) to base 2.
-100000
-4 (base 10) to base 9
-4
What is -2 (base 3) in base 13?
-2
Convert -13 (base 5) to base 2.
-1000
What is -12 (base 5) in base 11?
-7
-101 (base 3) to base 16
-a
What is 88 (base 15) in base 8?
200
10010 (base 2) to base 13
15
What is 2 (base 11) in base 13?
2
What is 66 (base 16) in base 8?
146
What is 1000 (base 2) in base 8?
10
-21 (base 14) to base 6
-45
Convert 240 (base 5) to base 15.
4a
-6 (base 10) to base 9
-6
Convert 30 (base 4) to base 7.
15
1 (base 9) to base 5
1
What is -19 (base 13) in base 16?
-16
Convert 1 (base 10) to base 4.
1
Convert -11 (base 5) to base 8.
-6
Convert 404 (base 5) to base 6.
252
1 (base 11) to base 3
1
Convert -2 (base 12) to base 16.
-2
Convert -20 (base 4) to base 6.
-12
Convert -2 (base 13) to base 5.
-2
30 (base 5) to base 2
1111
-2 (base 11) to base 12
-2
What is -101 (base 3) in base 9?
-11
What is -41 (base 5) in base 3?
-210
Convert 23 (base 5) to base 12.
11
Convert 14 (base 13) to base 9.
18
What is -8 (base 12) in base 5?
-13
What is 7 (base 16) in base 4?
13
What is 0 (base 4) in base 6?
0
What is 0 (base 13) in base 4?
0
Convert -69 (base 16) to base 8.
-151
Convert 27 (base 15) to base 11.
34
What is -20 (base 5) in base 7?
-13
Convert 114 (base 6) to base 9.
51
8 (base 9) to base 11
8
Convert -312 (base 7) to base 15.
-a6
-139 (base 10) to base 12
-b7
Convert -4 (base 7) to base 8.
-4
2100 (base 4) to base 9
170
Convert -12 (base 3) to base 2.
-101
What is 100 (base 2) in base 4?
10
7 (base 16) to base 11
7
Convert -56 (base 12) to base 5.
-231
-ef (base 16) to base 15
-10e
Convert 16 (base 8) to base 2.
1110
22 (base 6) to base 9
15
What is -103 (base 6) in base 16?
-27
-3 (base 8) to base 7
-3
Convert -20 (base 14) to base 6.
-44
Convert 2 (base 4) to base 11.
2
What is -17 (base 11) in base 2?
-10010
-48 (base 10) to base 6
-120
0 (base 15) to base 12
0
What is 22 (base 3) in base 8?
10
Convert 1 (base 7) to base 10.
1
What is 0 (base 4) in base 2?
0
What is 372 (base 9) in base 11?
260
What is 12 (base 5) in base 9?
7
Convert 1 (base 12) to base 5.
1
-2 (base 16) to base 3
-2
What is 4 (base 9) in base 2?
100
Convert -57 (base 12) to base 4.
-1003
Convert 125 (base 8) to base 12.
71
Convert -66 (base 9) to base 15.
-40
-173 (base 11) to base 13
-126
Convert -55 (base 7) to base 9.
-44
Convert 165 (base 7) to base 3.
10120
What is -2b (base 15) in base 14?
-2d
What is 2 (base 5) in base 7?
2
What is 2 (base 9) in base 16?
2
Convert -10000 (base 3) to base 9.
-100
Convert 35 (base 13) to base 10.
44
-8 (base 16) to base 2
-1000
137 (base 9) to base 11
a5
-101 (base 2) to base 7
-5
What is -18 (base 16) in base 11?
-22
What is 53 (base 6) in base 2?
100001
Convert -5 (base 13) to base 3.
-12
Convert -a (base 14) to base 15.
-a
What is -157 (base 12) in base 6?
-551
Convert -34 (base 5) to base 7.
-25
-8 (base 11) to base 6
-12
-6 (base 14) to base 3
-20
Convert -5 (base 6) to base 9.
-5
Convert -164 (base 12) to base 11.
-190
3 (base 10) to base 7
3
What is 33 (base 4) in base 9?
16
What is 1 (base 8) in base 4?
1
Convert -23 (base 4) to base 5.
-21
What is -62 (base 9) in base 4?
-320
Convert 121 (base 10) to base 9.
144
a (base 12) to base 9
11
What is 1 (base 15) in base 13?
1
What is -10 (base 2) in base 16?
-2
6a (base 14) to base 11
86
-234 (base 5) to base 15
-49
-27 (base 14) to base 2
-100011
Convert 43 (base 9) to base 13.
30
What is -23 (base 5) in base 4?
-31
What is 2 (base 15) in base 8?
2
-14 (base 13) to base 14
-13
What is 13 (base 11) in base 2?
1110
What is 34 (base 5) in base 3?
201
Convert -7 (base 11) to base 14.
-7
Convert -1 (base 14) to base 3.
-1
-7 (base 16) to base 12
-7
What is -2 (base 13) in base 14?
-2
What is -22a (base 12) in base 2?
-101000010
4f (base 16) to base 9
87
Convert 8a (base 12) to base 7.
211
What is -14 (base 14) in base 5?
-33
What is 461 (base 7) in base 4?
3233
Convert -1 (base 4) to base 15.
-1
Convert 10 (base 2) to base 6.
2
Convert -24 (base 9) to base 13.
-19
What is 150 (base 14) in base 2?
100001010
-55 (base 7) to base 3
-1111
Convert -24 (base 9) to base 14.
-18
What is 3 (base 8) in base 11?
3
Convert -3f (base 16) to base 3.
-2100
Convert 44 (base 14) to base 10.
60
What is -2 (base 12) in base 2?
-10
Convert 2 (base 9) to base 5.
2
Convert -139 (base 10) to base 14.
-9d
Convert 4 (base 10) to base 13.
4
What is -223 (base 8) in base 10?
-147
Convert 33 (base 13) to base 3.
1120
Convert -4 (base 8) to base 11.
-4
-1 (base 4) to base 12
-1
What is -77 (base 8) in base 11?
-58
What is 45 (base 8) in base 9?
41
Convert -47 (base 15) to base 9.
-74
What is 20 (base 8) in base 3?
121
Convert 21 (base 5) to base 11.
10
What is -4 (base 7) in base 2?
-100
-2201 (base 3) to base 14
-53
Convert b3 (base 12) to base 16.
87
-8 (base 13) to base 7
-11
-2 (base 3) to base 16
-2
Convert 100011100 (base 2) to base 15.
13e
3 (base 9) to base 3
10
What is 36 (base 12) in base 3?
1120
What is -100 (base 3) in base 12?
-9
Convert 35 (base 15) to base 16.
32
Convert -ea (base 16) to base 14.
-12a
3 (base 7) to base 8
3
What is 2 (base 3) in base 8?
2
Convert 8a (base 15) to base 6.
334
Convert 53 (base 10) to base 9.
58
-20 (base 4) to base 14
-8
Convert -2 (base 15) to base 4.
-2
What is -3 (base 15) in base 9?
-3
86 (base 11) to base 5
334
Convert 141 (base 5) to base 7.
64
Convert -7 (base 11) to base 7.
-10
What is 2201 (base 3) in base 6?
201
Convert -4 (base 9) to base 4.
-10
110020 (base 3) to base 13
1c5
Convert 2 (base 3) to base 4.
2
Convert 12 (base 15) to base 13.
14
What is -1 (base 2) in base 10?
-1
Convert 2 (base 10) to base 11.
2
Convert -11 (base 7) to base 3.
-22
17 (base 10) to base 14
13
3 (base 16) to base 15
3
Convert 31 (base 15) to base 14.
34
Convert 12 (base 12) to base 6.
22
What is -128 (base 16) in base 7?
-602
Convert -102 (base 3) to base 12.
-b
-27 (base 11) to base 14
-21
Convert 1 (base 6) to base 7.
1
What is 110 (base 2) in base 4?
12
Convert 20 (base 7) to base 16.
e
-34 (base 11) to base 8
-45
Convert -1 (base 9) to base 6.
-1
Convert 49 (base 13) to base 16.
3d
What is 2 (base 15) in base 12?
2
What is -1 (base 4) in base 5?
-1
-84 (base 15) to base 6
-324
What is -23 (base 11) in base 5?
-100
What is -1 (base 11) in base 6?
-1
Convert -1 (base 7) to base 13.
-1
What is 16 (base 9) in base 15?
10
What is 201 (base 10) in base 3?
21110
Convert -132 (base 6) to base 2.
-111000
-1b (base 16) to base 7
-36
Convert 10001 (base 2) to base 10.
17
-22 (base 3) to base 12
-8
Convert 151 (base 12) to base 14.
109
Convert -10 (base 12) to base 13.
-c
Convert -3 (base 9) to base 8.
-3
What is 4 (base 5) in base 3?
11
What is 222 (base 5) in base 6?
142
d3 (base 15) to base 14
102
What is -1010 (base 2) in base 16?
-a
Convert -7 (base 15) to base 16.
-7
What is -1b (base 14) in base 8?
-31
Convert -1 (base 15) to base 5.
-1
What is -14 (base 13) in base 7?
-23
Convert -55 (base 14) to base 12.
-63
40 (base 10) to base 2
101000
0 (base 10) to base 13
0
What is -1112 (base 3) in base 16?
-29
10 (base 3) to base 9
3
-240 (base 11) to base 15
-141
Convert -12 (base 7) to base 13.
-9
What is 24 (base 10) in base 2?
11000
-c7 (base 14) to base 3
-20111
What is -23 (base 7) in base 16?
-11
What is -10 (base 4) in base 15?
-4
What is 69 (base 11) in base 7?
135
Convert 4 (base 11) to base 12.
4
Convert -1 (base 5) to base 13.
-1
Convert -46 (base 13) to base 4.
-322
Convert 44 (base 9) to base 2.
101000
2 (base 11) to base 13
2
Convert 102 (base 4) to base 7.
24
16a (base 11) to base 6
525
Convert -1 (base 13) to base 4.
-1
1 (base 8) to base 2
1
What is -61 (base 13) in base 2?
-1001111
-4 (base 10) to base 4
-10
-2 (base 4) to base 6
-2
213 (base 4) to base 7
54
Conver